0. What is the units digit of j(z)?
6
Let r(t) = t**2 + 9*t - 3. Let g be r(-13). Let v = 33 + g. What is the units digit of v?
2
Suppose -4*a + 4*g = -2320, 2*a + 1172 = 4*a + 2*g. What is the hundreds digit of a?
5
Let b = 672 + -244. What is the hundreds digit of b?
4
Let x(r) = -r**3 + 10*r**2 - 19*r + 18. Let w(f) = f**2. Let o(b) = 3*w(b) - x(b). What is the tens digit of o(8)?
9
Suppose -3*t - 4*l = -22, -t + 4*l = -l + 18. Let f be 72*(119/t)/7. What is the units digit of f/14 + 10/35?
4
Let v(j) = j**2 - 18*j + 29. Let r be v(17). What is the tens digit of -4*3/(-12) + 2*r?
2
Let y be 14/6*(11 + -8). Suppose -2*s + 5*g = -y*s + 325, 3*g = 5*s - 301. What is the units digit of s?
2
Let l(o) = -9*o**2 - 5*o - o**3 + 1 - 4 - 4*o - 2*o. What is the units digit of l(-8)?
1
Let h(j) = j**2 + 9*j - 62. What is the units digit of h(31)?
8
Suppose 2*z + z - o = -7, -3*o + 14 = -2*z. What is the tens digit of 43 - (-1 - z)*-1?
4
Suppose 2*l - 2*j - 134 = 0, l = -2*l - 2*j + 221. Let y = l + 7. What is the tens digit of y?
7
Suppose 0 = n - 1 - 53. Suppose n = -3*y + 219. What is the tens digit of y?
5
Let f = -86 + 219. Let t = f + -30. What is the hundreds digit of t?
1
Suppose 2*z - t - 86 = 4*t, 0 = -2*z + 4*t + 88. Let m = -71 + z. Let a = m - -38. What is the units digit of a?
5
Suppose 0 = -7*v + 17 + 186. Let d = 2 + v. Suppose c = -5*m + d, 2*c - 60 = -c - 4*m. What is the tens digit of c?
1
Let m(w) = w**2 - 28*w + 24. Let r be m(30). Let g = -9 - -5. What is the units digit of 1/g - r/(-16)?
5
Suppose 7*l - 9*l + 4 = 0. Let f be (-1 + l/4)*918. What is the units digit of (-6)/9*f/6?
1
Let h(n) = n**3 + 19*n**2 + 3*n - 93. What is the tens digit of h(-18)?
7
Let z(b) = b**3 - 3*b**2 + 1. Let y be z(5). Suppose -4*t + 5*o = -8, 5*t + 0*o = -4*o - 31. What is the tens digit of 5 + y + t + 2?
5
Let v(j) = -j**2 + 87*j - 22. What is the hundreds digit of v(31)?
7
Let f = 2 + 1. Let b = f + 2. Suppose 0 = b*x + 2*r - 100, -r - 100 = -3*x - 29. What is the tens digit of x?
2
Suppose 0 = -5*p - 2*l + 1932, -4*l = -3*p + 8*p - 1934. What is the tens digit of p?
8
Suppose 5*r + 3*n - 6 = -n, -5 = 5*n. Suppose -b + 14 = 2*d, -35 = -5*d - 0*d - r*b. Suppose -15 - d = -2*u. What is the tens digit of u?
1
Let b(q) = 2*q**2 + 8*q + 1. Let a be b(-6). Let f = a + -14. Suppose 51 = 2*o + 5*c - 0*c, 2*o - 3*c = f. What is the units digit of o?
3
Let y(l) = l**3 - 2*l**2 - 2*l - 3. Let h = 33 - 30. Let g be y(h). What is the tens digit of -3 - g - (-20 + 7)?
1
Let m(v) = v + 1. Let f be m(1). Let p = f - 2. Suppose -4*u + 0*k = k - 25, p = 3*u - 4*k + 5. What is the units digit of u?
5
Let y = 6422 + -3670. What is the tens digit of y?
5
Suppose 0 = -6*o + 9*o - 480. What is the units digit of o?
0
What is the units digit of (-1350)/(-108)*188/5?
0
Let b = 14 + -23. Let f be (-2 + (-21)/b)*9. Suppose 116 = f*g + q, -22 = -5*g - 4*q + 162. What is the tens digit of g?
4
Let i = -28 + 32. Suppose 0*o + 2*o - h - 288 = 0, 0 = h - i. What is the units digit of o?
6
Suppose -5*i - 5*m = -25270, 0 = -3*i + 7*m - 12*m + 15164. What is the tens digit of i?
5
What is the hundreds digit of (-12)/(-15) - (11906/(-5) - -4)?
3
Let n be (4 - -8)*1/3. Suppose 0 = -n*y - 4, 0 = -4*u + 4*y + 318 + 414. What is the tens digit of u?
8
Let d = 128 + 90. What is the tens digit of d?
1
Suppose 0*a - 3*a + 30 = 0. What is the tens digit of (1564/a - 2) + 4/(-10)?
5
What is the tens digit of 12/1584*11 + 13547/12?
2
Suppose -z + 928 = v, -55*z + 54*z + 5*v = -922. What is the tens digit of z?
2
Let i(s) = s**2 + 9*s + 4. Let g be i(-7). Let w = g - -6. What is the units digit of w/(-14) + 24/14?
2
What is the units digit of (-8)/28 + 32272/56?
6
Suppose -2*n + 8 = -6*c + 2*c, -5*n + 9 = c. Let a = -5 + n. Let z = a + 14. What is the tens digit of z?
1
Let k(n) = -11*n + 13. Let g be k(-13). Let v = -86 + g. What is the units digit of v?
0
What is the hundreds digit of -5 + (5 - 3) + 430?
4
Let u(g) = g**2 + 4*g - 3. Let x be u(-7). Suppose -x*h + 85 = -13*h. What is the tens digit of h?
1
Let g(h) = -h**3 - 22*h**2 - 21*h - 43. What is the tens digit of g(-22)?
1
Suppose 2*c = -0*c - 128. Let v = -5 - c. What is the units digit of v?
9
Let r = -54 - -56. Let w(l) = 13*l**3 - 3*l**2 + 4*l - 3. What is the tens digit of w(r)?
9
Let p be 4 - (-4 + (4 - -1)). Suppose -5*w + 0*w = -35. Suppose -g = -4, -g - 148 = p*q - w*q. What is the tens digit of q?
3
Suppose -2*a - 20 = -4*n, 3*n + 5 = 4*a + 10. Let y(h) = h**2 + h. Let p be y(-2). Suppose -75 = p*m - n*m. What is the tens digit of m?
1
Let i be 20/(-150) - (-32)/15. Suppose -5*x + i*l + 0*l = -290, -4*x = 4*l - 232. What is the units digit of x?
8
Let u = 13 + -10. Suppose 2*a = a - u. Let d = a + 11. What is the units digit of d?
8
Suppose 0 = 4*q - 7*q + 12. What is the hundreds digit of (-4 - -4)/q - (-2 - 333)?
3
Let h(l) be the second derivative of l**4/12 + l**3/3 + 3*l**2 + 5*l. What is the units digit of h(-7)?
1
Let c(t) = 30*t - 5. Let x be c(4). Let h = 163 - x. What is the tens digit of h?
4
Let a be 8/6*(-15)/(-10). Let z = 1 + a. Suppose -z = 4*s - 43. What is the tens digit of s?
1
Suppose -2 - 2 = -2*j - z, -4*j + 20 = -z. Let b = -52 + j. Let g = -33 - b. What is the units digit of g?
5
Suppose 0 = z + 4*z. Suppose -s - 5*r + 17 = z, -2*s = r - 7 - 0. Suppose 0 = -6*d + 2*d - s*g + 154, 2*d = -2*g + 82. What is the tens digit of d?
3
Let b(y) be the first derivative of y**3/3 - y**2/2 - 2*y + 3. Let x be b(-2). Suppose -2*i - 2*v = -46, -4*i + 8*v + 92 = x*v. What is the tens digit of i?
2
Let f(r) = -r**3 + 10*r**2 + 2*r - 11. Let q be f(10). Let w(c) = c**3 + 7*c**2 - 8*c + 1. Let n be w(-7). Suppose -n + q = -3*b. What is the units digit of b?
6
Let s(n) = -4*n + n**3 - 7*n**2 - 2*n**2 + 7 + 3. What is the units digit of s(10)?
0
Suppose -8*p = -10*p + 6. What is the units digit of p*10/9*9?
0
Suppose 5*j - 7605 = 5*h, -4*j + 17*h - 19*h = -6060. What is the thousands digit of j?
1
Let o(s) = -s**2 - 6*s. Suppose -3*q - 2*q = 20. Let w be o(q). Suppose -y - 3*y = w, -4*x = y - 198. What is the tens digit of x?
5
Let j(n) = n + 10. Let c be j(-7). Suppose c*v + 0*v + 24 = 0. Let l(k) = k**3 + 7*k**2 - 11*k - 7. What is the tens digit of l(v)?
1
Let v(w) = -14*w + 62. Let y be v(-15). Let o = -84 + y. What is the tens digit of o?
8
Suppose 0 = 2*t + 5*t - 1001. Suppose -4*y + 513 = -t. What is the units digit of y?
4
Suppose 0 = -0*x - 7*x. Suppose x = 2*z - z - 207. What is the hundreds digit of z?
2
Let m(g) = 122*g**2 + 12*g + 14. What is the hundreds digit of m(-3)?
0
Let x be (-8704)/(-80) - 2/(-10). Suppose -4*h - 3*y + x = 0, -4*h - y = -0*h - 103. What is the units digit of h?
5
Let q(j) be the second derivative of j**4/6 + 11*j**2/2 - 2*j. What is the units digit of q(7)?
9
Suppose w = 54 + 242. What is the hundreds digit of w?
2
Let y(u) = 2*u + 8. Let b be y(-9). Let l = 12 + b. Suppose -4*o + 30 = 3*r, 31 = l*r - 2*o + 11. What is the tens digit of r?
1
Suppose 359 = 5*c - 526. Suppose 36 - c = -o. What is the units digit of o?
1
Suppose 0 = -2*q + 6*q + 32. Let k = q - -18. Suppose 3*p = -b - k, b + 18 = 6*b - 2*p. What is the units digit of b?
2
Suppose -5*i + 2 = 22. Let v(t) = 3*t**2 - 3 + 3*t + 1 + t. What is the tens digit of v(i)?
3
Let i = -4 + 6. Suppose -20 = -2*m - i*m. Suppose -22 = -4*c - 2*n, -c - 3*c = -m*n - 43. What is the units digit of c?
7
Let m(v) = -2*v**3 - v**2 + 4*v + 8. What is the tens digit of m(-2)?
1
Let g(z) = 9*z**2 + 9*z - 212. What is the tens digit of g(15)?
4
Let x(c) = -c - 9. Let g be x(-5). Let z be 2 - (-1 - (-8)/4). Let m = z - g. What is the units digit of m?
5
Let v = 1123 + -600. What is the units digit of v?
3
Let t = -9 - -11. Suppose -2*g - t + 10 = 0. What is the units digit of g?
4
Let z(j) = 51 - 18 - 4*j - 5*j + 132. What is the tens digit of z(0)?
6
Let h = 25 + -36. Let y = -41 - h. Let u = y + 42. What is the units digit of u?
2
Suppose 25 = -5*n, 6*n + 19 = -2*t + n. Suppose 5*z - 4*c = 70, z + 2*c = t*c + 14. What is the units digit of 6/z + (-18)/(-7)?
3
Let u(t) = t**2 - 10*t - 4. Let m be u(7). Let z be (-60)/m - (-2)/(-5). Suppose z*h - 19 = h. What is the tens digit of h?
1
Let p(c) = -11*c**3 + 2*c**2 + 5*c + 1. Let x be p(-2). Let